20 = -y. Let x(p) = -8*p - 5. What is the remainder when b(4) is divided by x(y)?
25
Let y be (-10)/20*(-5 + -1). Suppose 0 = -2*o + y*o - 12. Let g(m) = m - 8. Calculate the remainder when 7 is divided by g(o).
3
Let n = -71 + 72. Calculate the remainder when 46 is divided by 189/11 - n - (-54)/(-297).
14
What is the remainder when 3255/57 + 30/(-285) is divided by -3*6/(-1) + 2?
17
Let y(j) = -j**3 - j**2 + 11*j + 67. Calculate the remainder when y(-4) is divided by 67.
4
Suppose 3*u = -4*k + 196, 5*u - 25 + 5 = 0. Suppose -q + 45 = 33. What is the remainder when k is divided by q?
10
Let n = 86 + -54. Let p = 46 - n. What is the remainder when 180 is divided by p?
12
Let u = -11 + 18. Suppose 5 - 110 = -u*c. Calculate the remainder when 42 is divided by c.
12
Suppose -8*i - 31 = 9. Let r(c) = -5*c - 12. Calculate the remainder when r(i) is divided by 5.
3
Suppose 0 = -0*m - 3*m + 5*c + 21, 0 = 5*c. Let l = 50 + m. Calculate the remainder when l is divided by 32.
25
Calculate the remainder when 17 is divided by ((-7)/28*4*-11)/1.
6
Let f = -86 - -99. Let s = 1 - 1. Let h = s - -4. What is the remainder when f is divided by h?
1
Suppose 5*h = -2*l + 976, -4*l + 2008 = -3*h - h. What is the remainder when l is divided by 3?
0
Let w be 0 + 3/(-3) + 0. Let j = -60 + 40. Calculate the remainder when 13 is divided by w + 5/(j/(-36)).
5
Suppose -22*q + 43*q = 13419. What is the remainder when q is divided by 107?
104
Let v(z) = -3*z**3 - 103*z**2 - 69*z + 49. Calculate the remainder when v(-34) is divided by 17.
15
Let j be 4*1/2 - -2. Let b be (-10)/(-20)*1*j. Calculate the remainder when 14/(-3)*(-3)/b is divided by 3.
1
Let n(z) = -44*z + 1. Let w(l) = l**3 - 10*l**2 + 31*l. Calculate the remainder when n(-2) is divided by w(3).
29
Suppose -2 = c, 0 = 5*w + 2*c - 197 - 14. Suppose -y = y + 14. Let k = y - -19. Calculate the remainder when w is divided by k.
7
Let l = 2364 + -2336. What is the remainder when 256 is divided by l?
4
Let y(i) = i**2 + 13*i - 57. Suppose 1 = z + 18. What is the remainder when 13 is divided by y(z)?
2
Let y(w) = -2*w + 9. Let q be y(-6). Let t = 34 - q. Suppose -2*b = -5 - 9. What is the remainder when t is divided by b?
6
Let k = 16 + -1. Let a be 5/(-2) + 1 - (-45)/6. Suppose -a*s + 4*s = y - 83, -s + 5*y + 47 = 0. Calculate the remainder when s is divided by k.
12
Let q(p) = -5*p + 16. What is the remainder when q(-10) is divided by 30?
6
Let b = 28 + -23. Suppose b*x = h + 711, 3*h = -2*x + 339 - 58. What is the remainder when x is divided by 36?
34
Suppose 9*w = 3*w + 72. Suppose -3*f = -48 - w. Calculate the remainder when 59 is divided by f.
19
Suppose 0 = -11*y + 8*y + 390. Calculate the remainder when y is divided by 45.
40
Let t(a) = -a + 6. Let m be t(3). Suppose 0*b - 4*r = m*b - 25, -2*b = 5*r - 5. What is the remainder when (-4)/16*-162*12/18 is divided by b?
12
Let d = -12 + 14. Suppose d*v - 84 = -2*v. Let l(r) = 3*r**3 - 2*r**2 - 3. What is the remainder when l(3) is divided by v?
18
Suppose 20 = 5*i, 0 = 3*p - 2*i - 0*i + 128. Let s be (-35)/(0 + 1/p). What is the remainder when (12/(-15))/((-16)/s) is divided by 24?
22
Suppose 21 = 3*f + 3*w, -2*f + 28 = 2*f - 3*w. Let v = 702 + -682. What is the remainder when v is divided by f?
6
Calculate the remainder when -2 + 54 + -13 + 14 is divided by 18.
17
Let o = -17 + 3. What is the remainder when (-598)/o - (66/14 - 5) is divided by 16?
11
Suppose -4*o - 40 = o. What is the remainder when 40 is divided by ((-1)/2)/(o/240)?
10
Let o be 1 + 24/1 + 0. Let x be (-29)/(-8) + (-3)/(-8). Suppose x*k = -y + o, 4*k - k = -4*y + 22. What is the remainder when 22 is divided by k?
4
Let p = 38 + 2. Let u = -46 - -45. Let x = u + 15. Calculate the remainder when p is divided by x.
12
Let w(q) = q**3 - q + 5. Let l be w(-3). What is the remainder when (-570)/l*4/10 is divided by 4 + 0 + (-3)/3?
0
Suppose 3*q + 0*k - k = 119, 3*q = 4*k + 125. Suppose -4*t = 4*c - 32, -4*t - 2*c + 48 = -6*c. Calculate the remainder when q is divided by t.
9
Let k(p) = -2*p - 5. Calculate the remainder when 59 is divided by k(-7).
5
Suppose 13*i + 102 = 14*i. Calculate the remainder when i is divided by 722/14 + (-9)/(-21).
50
Let i = 378 - 97. Suppose 74 = 5*w - i. What is the remainder when w is divided by 24?
23
Suppose -12*a - 58 = -670. Calculate the remainder when a is divided by 16.
3
What is the remainder when 323 is divided by 36*2 + 12 + -18 - 0?
59
Let r be (496/(-12) - -1)/((-1)/3). Let b = r - 36. Calculate the remainder when b is divided by 29.
27
Suppose -b = -3*q + 45, -2*b - 6 = -q + 9. Suppose 0 = -2*m + 6 - 0. Suppose -m*v - 2*v = -40. Calculate the remainder when q is divided by v.
7
Suppose 3*v + 3*h = -0*v + 27, -2*h - 17 = -5*v. Suppose -2*o - 2*d = 2*d - 48, v*o = 4*d + 120. Calculate the remainder when o is divided by 7.
3
Suppose -38 - 88 = -3*w. Calculate the remainder when 123 is divided by w.
39
Let j = 25 - 21. Suppose j*z = z + 2*i + 290, -5*z = -4*i - 482. What is the remainder when z is divided by 33?
32
Let c = 201 + -125. Let a = -15 - -45. Suppose -27*r + a*r = 39. Calculate the remainder when c is divided by r.
11
Let p = -38 + 56. Suppose 5*a = -p + 53. Calculate the remainder when a is divided by 4.
3
Suppose l + 8 = 3*l. Suppose l*f = 2*b + 14, 0 = 5*b + 1 - 26. Let m(u) = 19*u - 17. Calculate the remainder when m(2) is divided by f.
3
Let v(l) = l**3 - 7*l**2 + 8*l - 2. Let s be v(6). Suppose -s*r + 101 = -79. Calculate the remainder when 34 is divided by r.
16
Suppose r - 86 = -4*f, 2*r = -r - f + 236. Calculate the remainder when r is divided by 8.
6
Let x(k) = -k**2 + 20*k - 8. Let o = -37 - -56. Calculate the remainder when x(o) is divided by 6.
5
Let l = -45 - -164. Suppose l = 6*k + k. Suppose 3*t + 17 = 110. Calculate the remainder when t is divided by k.
14
Let a(j) = -j**2 - 4*j - 1. Let t be a(-3). Suppose 86 = t*p - 3*y, -5*y = -3*p - 2*p + 210. Calculate the remainder when p is divided by 22.
18
Suppose -6 = 4*i - 110. What is the remainder when 3*761/18 - 2/(-12) is divided by i?
23
Suppose 14*x = 24*x - 946 - 914. Let u = -43 - -106. Calculate the remainder when x is divided by u.
60
Let o = 86 - 58. What is the remainder when 128 is divided by o?
16
Let a(t) = t + 7. Let x be (-2)/(-4)*-14*1. Let r be a(x). Suppose 0 = -r*c + 5*c - 215. Calculate the remainder when c is divided by 23.
20
What is the remainder when 136 is divided by (213 - 6)*(-5)/(-45)?
21
Let j = -4 + 7. Let p be 1*57/j - -1. Suppose -3*a + p = 5, -5*a = 4*x - 225. Calculate the remainder when x is divided by 13.
11
Let a = -9 + 12. Suppose 3*y + y = 5*w + 4, 0 = 3*y + w - a. Calculate the remainder when (-171)/(-3) + (-1 - y) is divided by 19.
17
Calculate the remainder when 141 is divided by 284/2130 + 2246/30.
66
Suppose 4*d = -16, -53 + 1 = -2*i + 5*d. Suppose 7 = -4*j + g + 39, 2*j = -3*g + i. Suppose -6 = -2*c + j. What is the remainder when 19 is divided by c?
5
Suppose -5*h + 7 = 12. Suppose -8*q + 10*q = 44. Let k = h + q. What is the remainder when k is divided by 8?
5
Let z(s) = -s**3 + 13*s**2 + 12*s + 47. What is the remainder when 49 is divided by z(14)?
11
What is the remainder when 6324/180 - (-4)/(-30) is divided by 8?
3
Let d(h) = -25*h - 25. Let m be d(-4). Suppose -r = -121 + m. What is the remainder when 88 is divided by r?
42
Let b be (-15)/(-6)*16/10. Suppose -3*k + b*s = -30, -2*s + 15 = -7*s. Let d = 15 - -7. Calculate the remainder when d is divided by k.
4
Let f(d) = -33*d + 29 + 30*d - 19 - 3*d**2 + 2*d**3. Let b = -7 + 11. What is the remainder when f(b) is divided by 20?
18
Let p = 529 + -80. Calculate the remainder when p is divided by 41.
39
Suppose -29 = -3*b + 5*r, 0 = -5*b + 2*r + 2*r + 44. Calculate the remainder when 78 is divided by b.
6
Let p(i) = i**3 - 4*i**2 + 10. Let c be p(5). Let m = 41 - c. What is the remainder when 29 is divided by m?
5
Suppose 9 = 3*o - 9. Suppose 2*a - 20 = -o. What is the remainder when 27 is divided by a?
6
Suppose 18*r - 898 = 1262. Calculate the remainder when r is divided by 28.
8
Suppose -n = -3*n + 2*q - 12, -6 = n - 5*q. Let i = n - -3. Let g = 40 + i. Calculate the remainder when g is divided by 13.
11
Let t(w) = -5*w**2 - 3. Let f(q) = -6*q**2 + q - 3. Let l(m) = 4*f(m) - 5*t(m). Let